Calculate the greatest common factor of v and 12.
12
Suppose 0 = 310*y - 101*y - 16929. What is the highest common divisor of 153 and y?
9
Suppose 24*t - 52 - 614 = 1374. What is the greatest common divisor of 29665 and t?
85
Let q be (-32)/40*(-5)/(-1) + 7180 + -136. Calculate the greatest common factor of 220 and q.
220
Let x = 119 - 125. Let u be -2*(-2 - -3)*21/x. What is the highest common divisor of 77 and u?
7
Let l(u) = 2*u + 23. Let r = -56 + 53. Let n be l(r). Let q be (3 + -4)*(-1 + -33). What is the greatest common divisor of q and n?
17
Let q be (520/6)/(284/2130). Calculate the highest common divisor of q and 600.
50
Let c(u) = 63*u - 909. Let f be c(19). Calculate the greatest common divisor of 128 and f.
32
Let u(g) = 13*g + 14. Let v(z) = -13*z - 15. Let b(h) = 4*u(h) + 3*v(h). Let m be b(3). What is the highest common divisor of m and 50?
50
Let n(v) = 89*v**2 + 150*v + 6. Let a be n(-3). Calculate the greatest common divisor of a and 1547.
119
Let m be (9/(-6))/((-6930)/532 + 13). Let t = -72 - -110. Calculate the greatest common factor of m and t.
19
Let f be 2/((165/33088)/15). What is the greatest common divisor of 94 and f?
94
Let f = 223 - 104. Suppose f*l - 320 = 111*l. What is the greatest common divisor of l and 10?
10
Let t = -310 + 305. Let s be 4 - 0 - ((13 - 11) + t). Calculate the highest common divisor of 2 and s.
1
Suppose -3*s + 0*s + 3 = -4*c, 3*s - 24 = -3*c. Suppose a = -2*k - 8 + 26, -c*k = -3*a + 81. What is the highest common factor of a and 108?
12
Suppose 2*b = -2*u + 4, -2*u + 1 = -167*b + 166*b. Suppose -4*r - 2 + 18 = 0. What is the highest common factor of b and r?
1
Suppose 0*s + 12760 = 5*s. Suppose -439*x + s = -428*x. What is the greatest common factor of 174 and x?
58
Suppose -3*v + 20 + 64 = 0. Suppose -57 = -4*s - 5*x, 5*s = -5*x + v + 47. Let q = -4315 + 4317. What is the greatest common divisor of s and q?
2
Suppose 3*z - 22 = z + 4*f, 2*f = 6. Suppose -z*u + 16*u + 2 = 0. Suppose 2*m = -5*n + 60, u*n + 2*m = 43 - 13. Calculate the highest common factor of 80 and n.
10
Suppose 934 = 30*s - 3866. Calculate the highest common divisor of 76 and s.
4
Suppose -2*s = -25 + 3. Suppose 50 = w - 4*i, 97 = 3*w + 2*i - s. Suppose -w*m - 90 = -43*m. Calculate the greatest common divisor of 12 and m.
6
Let p(u) = -u - 27. Let c be p(-15). Let l = c + 18. Let j be l/10 + (-7436)/(-65). Calculate the highest common divisor of j and 23.
23
Let n = -2 - -5. Let g be (105/(-20))/(n/(-24)). Let s = g - 18. What is the highest common divisor of 16 and s?
8
Suppose -2*m - 24*m = -15*m - 131967. What is the highest common factor of m and 9?
9
Let x be (3 + 0 + -5)*10. Let z(v) = 9*v**2 + 178*v + 16. Let y be z(x). What is the greatest common divisor of y and 756?
28
Let y = -1172 - -1270. What is the greatest common divisor of 686 and y?
98
Let p = 223 - 220. Suppose 3*c = -p*w - 0*c + 108, -44 = -2*w + 5*c. What is the highest common factor of 224 and w?
32
Let b = 40 - 46. Let p be (b/15 + 7/5)*1. Calculate the highest common factor of 5 and p.
1
Let q(a) = 11*a**2 - 64*a + 42. Let d be q(8). Suppose 5*h - 216 - 44 = 0. What is the greatest common divisor of h and d?
26
Suppose 2*s - 5*g + 2*g = 442, 5*g = 0. What is the highest common divisor of 10829 and s?
221
Suppose -3*d - 32 = 5*b - 7, -d = 3*b + 15. Let w(y) = y**3 - y + 10. Let n be w(d). Suppose -2*h + 20 = 2*h. Calculate the highest common divisor of n and h.
5
Let q be ((-153)/(-4))/((-1863)/(-3312)). What is the highest common divisor of q and 13?
1
Let y(a) be the second derivative of a**5/20 + a**4/3 - 2*a**3 + a**2 - 11*a - 5. Let m be y(4). Calculate the highest common divisor of m and 123.
41
Suppose 7*s - 209 = 281. Let q = s - -295. What is the greatest common divisor of 5 and q?
5
Suppose -34343 = 5*a + 5*a - 36663. What is the greatest common divisor of a and 725?
29
Suppose 0*o = -2*g + o - 504, 4*g - 5*o = -1020. Let m = g - -508. Suppose 2*c - 56 = -q, -2*q - m = -7*q + c. What is the greatest common factor of q and 130?
26
Let x(c) = 2*c**2 + 10 - 16*c - 24*c**2 + 25*c**2. Let u be x(6). What is the greatest common divisor of u and 418?
22
Let s(j) = j**3 + 43*j**2 - 330*j - 113. Let n be s(7). Let b = 13 - 4. Calculate the greatest common divisor of n and b.
9
Let n(t) = -54*t**2 - 25*t - 142. Let z be n(-20). Let k be z/(-208) - 1/8. Calculate the highest common divisor of k and 51.
51
Let m = -4116 + 4122. Calculate the greatest common factor of m and 1554.
6
Let p be 4 + 3 + -5 + 6/2. Suppose -5*n + j + 35 = 0, -p*j + 48 = n + 67. Let x be (1/3)/((-1)/(-3)). What is the highest common divisor of n and x?
1
Let h = 12730 - -2350. Calculate the highest common divisor of 156 and h.
52
Let u = -11 + 14. Suppose 0 = -0*j + 4*j + s + 23, -u*s = -3*j - 6. Let v be (-2)/j + ((-146)/(-10) - 2). Calculate the greatest common divisor of v and 104.
13
Suppose s + t = -0*s + 51, -4*s + 200 = 2*t. Suppose -4*z + 39 + s = 0. Let o = -743 - -941. Calculate the highest common divisor of o and z.
22
Let k(m) = 25*m - 618. Let y be k(25). What is the highest common divisor of y and 763?
7
Let s be 8/(((-9)/123)/(168/(-16))). Suppose -11*q - 455 = -s. What is the highest common factor of 231 and q?
21
Let y be (2/(-6))/(-10*(-19)/(-11970)). Let x = -14 + 105. What is the greatest common divisor of x and y?
7
Let g(i) = -5*i**3 + i**2 + 4*i + 12. Let c be g(-3). Let q = 279 - c. What is the greatest common factor of 10 and q?
5
Suppose -3*v - 6*v = -4104. Let c = v + 146. What is the greatest common divisor of 258 and c?
86
Suppose 5*x - 26 = 3*n, 9*n + 3 = -4*x + 8*n. What is the highest common divisor of 81 and x?
1
Let u be -1221*(-3)/21 - (-69)/(-161). Let y = 387 - u. What is the greatest common divisor of 71 and y?
71
Let r be 116058/(-232) + (-6)/8. Let v = r - -582. What is the highest common divisor of 18 and v?
9
Let u(t) = -4*t**3 - 26*t**2 + 20*t + 56. Let q be u(-8). Calculate the highest common divisor of q and 4040.
40
Let m be 396/(-60) + (0 - -7) + 23754/15. What is the highest common divisor of m and 27?
9
Let f = -73 + 26. Let h = f - -219. Calculate the greatest common factor of 43 and h.
43
Let r = 678 + 5. Suppose -46*x + 99 = -r. What is the highest common divisor of 1037 and x?
17
Let f = 812 - 352. Let z be f/(-6)*4/(-8)*6. Calculate the highest common factor of 138 and z.
46
Let l(a) be the third derivative of 7*a**5/30 - a**4/8 - 5*a**3/6 + 53*a**2. Let q be l(2). Calculate the highest common factor of q and 27.
9
Let p be (3/(-6))/((-10)/(-180)). Let h(u) = u**3 + 6*u**2 - 25*u + 28. Let l be h(p). Calculate the highest common factor of 110 and l.
10
Let z be ((-123)/2)/(30/(-60)). Let k = z - 63. What is the highest common factor of 210 and k?
30
Let p(h) = 2*h - 25. Let o be p(19). Let l(f) = 136*f - 186. Let d be l(5). Calculate the greatest common divisor of d and o.
13
Suppose -884*b = -888*b + 568. What is the greatest common divisor of b and 12212?
142
Let j(l) = l**2 - 6*l + 1. Let w be j(3). Let s be (2 - -131) + w/8. What is the greatest common divisor of s and 154?
22
Let p = 63 - 37. Suppose -l - 18 = 2*l + 5*t, 2*l + 11 = -3*t. Let c be (l - 38)/(3/(-18)). Calculate the greatest common factor of c and p.
26
Suppose 0*y + 140 = 4*y - 4*a, 2*y = -5*a + 70. Let h be 5*(-15)/(-125)*y. Calculate the highest common divisor of h and 6.
3
Let k be 3/(-1) - 1166/(-106). Calculate the highest common divisor of 58 and k.
2
Let n = 43 + -19. Let a(p) = -4*p + 55. Let o be a(11). Let t(f) = f**3 - 9*f**2 - 19*f + 3. Let x be t(o). Calculate the highest common divisor of x and n.
12
Let o(l) = -l**3 + 35*l**2 - 225*l - 22. Let g be o(26). Calculate the highest common factor of g and 1060.
212
Let m be -13 + -2 + 421 + 10. Calculate the greatest common factor of m and 130.
26
Let w be ((-28)/(-2))/(8/20). Let u(p) = 2*p**3 - 45*p**2 + 13*p - 443. Let k be u(23). Calculate the greatest common divisor of w and k.
35
Let u(t) = 17*t + 240. Let i be u(-14). Calculate the greatest common divisor of i and 499.
1
Suppose 17*b + 9*b - 756 = 5*b. What is the highest common factor of b and 17724?
12
Let c(a) = 227*a**2 - 71*a + 273. Let n be c(5). Calculate the greatest common factor of 357 and n.
119
Suppose -12782 = -6*a - 16*a